 is divided by 6?
5
Calculate the remainder when 570 is divided by 200.
170
What is the remainder when 2396 is divided by 300?
296
Calculate the remainder when 430 is divided by 141.
7
What is the remainder when 145 is divided by 42?
19
What is the remainder when 113 is divided by 19?
18
Calculate the remainder when 7002 is divided by 206.
204
Calculate the remainder when 206 is divided by 68.
2
What is the remainder when 56 is divided by 19?
18
What is the remainder when 694 is divided by 27?
19
What is the remainder when 398 is divided by 110?
68
What is the remainder when 9210 is divided by 36?
30
Calculate the remainder when 190 is divided by 66.
58
What is the remainder when 271 is divided by 21?
19
Calculate the remainder when 16846 is divided by 72.
70
What is the remainder when 64 is divided by 63?
1
What is the remainder when 886 is divided by 881?
5
Calculate the remainder when 4789 is divided by 98.
85
What is the remainder when 407 is divided by 18?
11
Calculate the remainder when 116 is divided by 4.
0
What is the remainder when 485 is divided by 157?
14
What is the remainder when 1360 is divided by 29?
26
Calculate the remainder when 2423 is divided by 21.
8
Calculate the remainder when 1378 is divided by 10.
8
What is the remainder when 213 is divided by 37?
28
What is the remainder when 196 is divided by 31?
10
Calculate the remainder when 62 is divided by 10.
2
What is the remainder when 69 is divided by 15?
9
What is the remainder when 305 is divided by 74?
9
What is the remainder when 215 is divided by 38?
25
What is the remainder when 129 is divided by 4?
1
Calculate the remainder when 115 is divided by 27.
7
What is the remainder when 427 is divided by 54?
49
What is the remainder when 6262 is divided by 116?
114
Calculate the remainder when 103 is divided by 25.
3
What is the remainder when 1340 is divided by 106?
68
What is the remainder when 252 is divided by 15?
12
What is the remainder when 561 is divided by 241?
79
What is the remainder when 66 is divided by 48?
18
Calculate the remainder when 271 is divided by 13.
11
What is the remainder when 287 is divided by 17?
15
What is the remainder when 1185 is divided by 12?
9
What is the remainder when 552 is divided by 98?
62
What is the remainder when 2154 is divided by 182?
152
Calculate the remainder when 3302 is divided by 65.
52
What is the remainder when 208 is divided by 69?
1
What is the remainder when 11133 is divided by 29?
26
What is the remainder when 2142 is divided by 11?
8
Calculate the remainder when 381 is divided by 43.
37
What is the remainder when 25593 is divided by 67?
66
What is the remainder when 16 is divided by 2?
0
Calculate the remainder when 3951 is divided by 304.
303
Calculate the remainder when 123 is divided by 115.
8
Calculate the remainder when 258 is divided by 139.
119
What is the remainder when 1839 is divided by 80?
79
What is the remainder when 23814 is divided by 104?
102
What is the remainder when 58 is divided by 21?
16
What is the remainder when 4870 is divided by 286?
8
What is the remainder when 128 is divided by 57?
14
What is the remainder when 1214 is divided by 32?
30
What is the remainder when 8923 is divided by 48?
43
What is the remainder when 804 is divided by 61?
11
Calculate the remainder when 39 is divided by 36.
3
Calculate the remainder when 134 is divided by 49.
36
Calculate the remainder when 303 is divided by 40.
23
What is the remainder when 18 is divided by 10?
8
Calculate the remainder when 6463 is divided by 53.
50
Calculate the remainder when 256 is divided by 61.
12
What is the remainder when 73 is divided by 25?
23
What is the remainder when 1545 is divided by 221?
219
Calculate the remainder when 242 is divided by 158.
84
Calculate the remainder when 6564 is divided by 1093.
6
Calculate the remainder when 614 is divided by 150.
14
Calculate the remainder when 63 is divided by 23.
17
What is the remainder when 331 is divided by 225?
106
What is the remainder when 3453 is divided by 173?
166
What is the remainder when 251 is divided by 76?
23
What is the remainder when 569 is divided by 11?
8
What is the remainder when 615 is divided by 6?
3
What is the remainder when 82 is divided by 45?
37
Calculate the remainder when 94 is divided by 16.
14
Calculate the remainder when 1516 is divided by 755.
6
What is the remainder when 235 is divided by 40?
35
What is the remainder when 81 is divided by 8?
1
What is the remainder when 2386 is divided by 117?
46
Calculate the remainder when 310 is divided by 52.
50
Calculate the remainder when 153 is divided by 12.
9
What is the remainder when 916 is divided by 77?
69
Calculate the remainder when 196 is divided by 56.
28
Calculate the remainder when 109 is divided by 55.
54
Calculate the remainder when 98552 is divided by 19.
18
What is the remainder when 59 is divided by 43?
16
What is the remainder when 93 is divided by 28?
9
Calculate the remainder when 98 is divided by 26.
20
Calculate the remainder when 179 is divided by 88.
3
What is the remainder when 268 is divided by 54?
52
What is the remainder when 1983 is divided by 16?
15
What is the remainder when 1088 is divided by 135?
8
Calculate the remainder when 231 is divided by 78.
75
Calculate the remainder when 12 is divided by 11.
1
Calculate the remainder when 96 is divided by 32.
0
What is the remainder when 599 is divided by 30?
29
Calculate the remainder when 178 is divided by 13.
9
What is the remainder when 264 is divided by 18?
12
Calculate the remainder when 419 is divided by 21.
20
Calculate the remainder when 288 is divided by 78.
54
What is the remainder when 114 is divided by 62?
52
Calculate the remainder when 496 is divided by 143.
67
What is the remainder when 5011 is divided by 23?
20
What is the remainder when 6972 is divided by 9?
6
What is the remainder when 1870 is divided by 104?
102
What is the remainder when 44 is divided by 18?
8
What is the remainder when 1020 is divided by 25?
20
What is the remainder when 18908 is divided by 197?
193
Calculate the remainder when 142 is divided by 102.
40
Calculate the remainder when 1843 is divided by 124.
107
Calculate the remainder when 1533 is divided by 59.
58
Calculate the remainder when 47 is divided by 10.
7
What is the remainder when 7615 is divided by 305?
295
Calculate the remainder when 9175 is divided by 69.
67
Calculate the remainder when 658 is divided by 60.
58
What is the remainder when 360 is divided by 46?
38
What is the remainder when 183 is divided by 145?
38
What is the remainder when 490 is divided by 26?
22
Calculate the remainder when 85 is divided by 15.
10
What is the remainder when 1647 is divided by 209?
184
What is the remainder when 366 is divided by 11?
3
Calculate the remainder when 402 is divided by 144.
114
Calculate the remainder when 232 is divided by 4.
0
Calculate the remainder when 81 is divided by 23.
12
Calculate the remainder when 4866 is divided by 14.
8
Calculate the remainder when 91 is divided by 23.
22
Calculate the remainder when 335 is divided by 162.
11
What is the remainder when 1270 is divided by 128?
118
Calculate the remainder when 1071 is divided by 151.
14
What is the remainder when 229 is divided by 13?
8
Calculate the remainder when 2411 is divided by 142.
139
Calculate the remainder when 449 is divided by 75.
74
What is the remainder when 393 is divided by 5?
3
Calculate the remainder when 52 is divided by 14.
10
Calculate the remainder when 279 is divided by 27.
9
Calculate the remainder when 216 is divided by 46.
32
Calculate the remainder when 8611 is divided by 2150.
11
What is the remainder when 591 is divided by 178?
57
Calculate the remainder when 241 is divided by 33.
10
What is the remainder when 503 is divided by 72?
71
Calculate the remainder when 102 is divided by 26.
24
What is the remainder when 1056 is divided by 46?
44
Calculate the remainder when 455 is divided by 32.
7
Calculate the remainder when 117 is divided by 29.
1
Calculate the remainder when 187 is divided by 10.
7
Calculate the remainder when 5756 is divided by 1914.
14
What is the remainder when 1831 is divided by 167?
161
Calculate the remainder when 54 is divided by 18.
0
What is the remainder when 20 is div